visor of i and 23?
23
Suppose 0 = o - b - 774, -999*o + 3*b + 3882 = -994*o. What is the greatest common divisor of 180 and o?
60
Let d = 328 + -326. Suppose -d*l - 3*l + 248 = -3*o, 2*o = 4*l - 200. Calculate the highest common factor of 884 and l.
52
Let c = -3502 - -3510. Calculate the greatest common divisor of 148 and c.
4
Suppose 59*n + 7162 = 51*n + 34658. What is the highest common divisor of 7 and n?
7
Let h be 6 - (3 + -2)*-1356 - -6. What is the highest common divisor of h and 216?
72
Suppose 2*z + 18 - 21 = -b, 0 = 2*b + 6. Suppose -3*q = 15, -z*q + 1283 = 3*d + 98. Calculate the highest common divisor of 50 and d.
50
Let t = 55 + -51. Suppose 0 = v - 2*v - t*b - 10, 3*v + 4*b - 2 = 0. Suppose v = 2*c - 2. What is the greatest common divisor of 8 and c?
4
Suppose 3*a = 16 + 5. Suppose -10 = -3*b - 4*v, 4*b = 2*b - v + 10. Suppose 0 = -b*g + 146 + 316. What is the greatest common divisor of g and a?
7
Let h = -6678 - -7155. Calculate the highest common divisor of h and 711.
9
Suppose 0 = 48963*q - 48964*q + 144. What is the highest common divisor of q and 18288?
144
Let o = 635 - 441. Let b = o + -180. Suppose -q + 11 + 31 = 0. Calculate the greatest common factor of q and b.
14
Let f(x) = -55*x - 5. Let l(o) = -28*o - 3. Let y(w) = -2*f(w) + 5*l(w). Let b = -1559 + 1558. Let q be y(b). Calculate the highest common factor of q and 125.
25
Let h be 665/15 - 1/3. Let m(k) = -4*k + 64. Let t be m(-28). Suppose 14*p = -2*p + t. What is the greatest common divisor of p and h?
11
Let p(s) be the third derivative of 40/3*s**3 + 0*s + 1/30*s**5 - 1/8*s**4 + 0 - 5*s**2. Let l be p(0). What is the greatest common factor of l and 10?
10
Suppose 0 = 5*j - 12*u + 10*u - 26472, j - 2*u = 5288. Calculate the highest common factor of j and 112.
16
Suppose 241*y = 237*y + 1592. Suppose -12*s = 5*j - 11*s - y, -j - 5*s + 70 = 0. Calculate the highest common factor of 176 and j.
16
Let o = 18792 + -18797. Let l(h) = -h + 16. Let p(t) = 5*t - 64. Let i(f) = 9*l(f) + 2*p(f). Let x be i(o). What is the highest common factor of x and 2?
1
Let p be 0/(6*(-2)/(-6)) + 3. Suppose -l + o = -p*l + 8, -l - 2 = -o. Suppose l*d - d = 60. What is the greatest common divisor of 20 and d?
20
Let o = 449 + 21. Suppose 472*z - 30 = o*z. Calculate the highest common divisor of 35 and z.
5
Let x be (196/(-6))/(94/(-282)). What is the highest common divisor of 1666 and x?
98
Suppose 6*w + 42 - 18 = 0. Let t be (-1)/((4/202)/(-14 - w)). What is the highest common factor of t and 5?
5
Let r = 14 + -29. Let n be (2 - 1 - r)*1. Let q be ((-72)/30)/((-3)/(1 - -29)). What is the greatest common factor of n and q?
8
Let t = -57 + 65. Let n be (-6)/t + 1/(16/716). Let v(z) = z**2 - 3*z + 5. Let o be v(7). What is the greatest common divisor of o and n?
11
Suppose 0 = a + 2*l - 9106, 9748 = 4*a - l - 26721. Let o be a/301 + 2/(-7). Suppose 0 = 8*v - 5*v - 360. What is the highest common divisor of v and o?
30
Suppose -2*h + 6*h = 224. Suppose h = 46*c - 2198. What is the greatest common factor of c and 147?
49
Suppose 385 = 13*h - 12*h - 2*w, -1117 = -3*h - 13*w. Calculate the highest common divisor of h and 254.
127
Suppose 11*u - 820 = -5*o + 15*u, -5*u + 775 = 5*o. Let j be (4/(-8))/((-1)/68). Suppose 0 = 5*n - j - 46. Calculate the highest common factor of o and n.
16
Suppose -2*v + 317 = 3*d, 2*d - 211 = -2*v + v. Suppose -34*y + 126 = -31*y. Calculate the highest common divisor of d and y.
21
Let m be 0*(4/6)/(4/(-6)). Suppose m*c + 24*c = 288. Calculate the highest common factor of 36 and c.
12
Suppose -4*u - 36 = -4. Let z = u - -62. Suppose 1 + 3 = 2*i, -i = -4*w + z. Calculate the greatest common factor of 2 and w.
2
Let x be (-152)/1748 - (-16102)/23. Calculate the highest common factor of 308 and x.
28
Suppose 5*h - j + 5800 = 0, -4640 = h + 3*h - 2*j. Let o be h/(-88) - (70/22 + -3). Let p be 157/3 + 2/(-6). What is the greatest common divisor of o and p?
13
Let r be (-1 - (1 - -4)) + (-44)/(-4). Suppose -4*m - 12 = 0, -r*m = -14*b + 11*b + 132. What is the greatest common factor of b and 624?
39
Let w be -2 + -165 - (-3 + 2). Let v = 109 + w. Let a be 286/8 - (-4 - v/12). What is the greatest common factor of 7 and a?
7
Suppose 84*c + 172170 = 90*c. Suppose -c + 7135 = -40*w. Calculate the greatest common factor of 22 and w.
11
Suppose 173*t = 171*t - 8. Let y(j) = 15*j**2 + 5*j + 10. Let i be y(t). Calculate the highest common divisor of i and 23.
23
Let r be (-91)/26*(-13872)/119. What is the greatest common factor of r and 663?
51
Let b(q) = -61*q + 2 + 3*q - 23. Let p be b(-3). Let r be 2/(-5) - (-1044)/60. Calculate the greatest common divisor of r and p.
17
Let p(l) = -532*l + 2676. Let u be p(5). Let m be (2/5)/((-3)/(-15)). Calculate the highest common factor of u and m.
2
Suppose 4*k + 4*r - 156 = 0, -167*k + 99 = -165*k - 5*r. Calculate the highest common factor of 280 and k.
14
Suppose -4*x - g = -97, 3*x - 7*x - 4*g + 88 = 0. Suppose -3*m - 9 = d, 5*m + 12 + x = 2*d. What is the greatest common divisor of 12 and d?
6
Suppose 4*r - 5*b - 691 = 0, 10*b - 700 = -4*r + 6*b. Suppose -19*i - r = -21*i. What is the greatest common divisor of i and 116?
29
Let y = -8482 - -8514. What is the highest common factor of 884 and y?
4
Suppose 4*g = 186 - 90. Suppose p = b + 311, -3*b - 3 + 6 = 0. What is the highest common factor of g and p?
24
Suppose 144 = 17*u - 43. Suppose -5*f + n + 242 = 0, -10*f - 2*n = -u*f + 43. Calculate the greatest common divisor of f and 7.
7
Let p be 25058/(-242)*-1 - (-6)/(-11). What is the highest common factor of 1751 and p?
103
Let h be (217/14)/(17/34) + 0 + -3. What is the greatest common divisor of 497 and h?
7
Let c = 7975 - 7671. Calculate the greatest common factor of 5776 and c.
304
Let p(t) = 934*t - 4548. Let h be p(6). Calculate the greatest common divisor of h and 78.
6
Suppose 2*i - 1 = 5*i - 5*f, -13 = -3*i - 2*f. Suppose i*o - 58 = -7. Calculate the greatest common factor of 187 and o.
17
Let b = 21483 - 17283. What is the highest common divisor of b and 1512?
168
Suppose 356 = -46*u + 80. Let k be (2/u)/((-28)/(-168))*-42. Suppose 4*j = 96 + 72. Calculate the greatest common factor of k and j.
42
Let a be 1 + (-12)/10 - (22 + 26837/(-235)). Calculate the greatest common factor of 2714 and a.
46
Suppose 31*g - 84655 = -26075 + 47130. What is the greatest common divisor of 434 and g?
62
Let g = 7 - 5. Suppose -4*d = -d, -5*b = -g*d - 630. Let f(z) = 3*z**2 + 61*z + 184. Let y be f(-17). What is the greatest common factor of b and y?
14
Suppose -81*x - 13069 = -459460. What is the highest common factor of x and 33?
33
Let n be 5 + 9927/18*2/1. Let x = n - 744. What is the highest common divisor of 56 and x?
28
Let m = 3455 - 3199. Calculate the greatest common divisor of 80 and m.
16
Suppose 25*a - 1616 - 664 = -15*a. What is the highest common divisor of 16473 and a?
57
Let l(z) = z**2 - 7*z + 21. Let j be l(8). Let v = 80 + 65. Calculate the highest common divisor of j and v.
29
Suppose -5*c - 3*f = -2409, -c + 3*f + 479 = 5*f. Calculate the greatest common factor of c and 621.
69
Let u be 16/4*6/8 - (-132979)/77. Calculate the highest common divisor of 10 and u.
10
Let q(w) = 765*w - 5236. Let i be q(8). Calculate the highest common factor of 377 and i.
13
Let l be 8*50075/36 - (-1 + 7/9). What is the highest common factor of 13 and l?
13
Let p = -12 - 11. Let a = p - -44. Let x = 2564 - 2417. What is the greatest common factor of x and a?
21
Suppose 455663 = 40*s + 166223. What is the greatest common divisor of s and 432?
108
Let g be (-45 - (-19458)/230)/(163/(-165) - -1). What is the highest common factor of 605 and g?
121
Suppose -22*h - 21*h - 7*h + 15200 = 0. What is the greatest common factor of 247 and h?
19
Let s = -24247 + 24268. Calculate the highest common divisor of 1491 and s.
21
Suppose 0 = 15*q - 17*q - u + 91, -4*u + 100 = 2*q. Calculate the highest common divisor of 36 and q.
4
Let d be -1 - (3 + (-15)/6)*-4. Let s(w) = 2 - 68*w + 73*w + 13*w**2 + d. Let o be s(4). Calculate the greatest common factor of o and 21.
21
Let g be 1 - (3 + 1*-74). Let m = g + -72. Suppose m = -4*i - 5*z + 43, 0 = -2*i - 2*i + z + 25. Calculate the greatest common factor of 1 and i.
1
Let y be 263*3/7 - 104/(-364). Let q